 + 3*f. Let g be z(-2). What is the highest common factor of 26 and g?
26
Let j = 2 - 2. Let r = 4 + j. Calculate the highest common divisor of 8 and r.
4
Let a(z) = -z**3 + 8*z**2 + 3*z - 3. Let n be a(8). What is the highest common factor of 210 and n?
21
Let v = -14 + 17. Let j be 11/(v - 14/5). Calculate the greatest common divisor of j and 22.
11
Let u be 4 - 2 - -6*1. Let m = u - -1. What is the highest common factor of 1 and m?
1
Let g be 720/33 - (-4)/22. What is the highest common factor of g and 55?
11
Let p = 18 + 2. Let u(v) = -v**3 + 3*v**2 + 3*v - 5. Let o be u(4). Let s = p + o. Calculate the highest common divisor of s and 121.
11
Let h(a) = a**3 + 6. Let y be h(0). Suppose 3*j - y = 9. What is the greatest common factor of j and 10?
5
Let s = 953 - 833. Let c(x) = -5*x**3 + x**2 + x - 1. Let h be c(1). Let v = 11 - h. Calculate the greatest common divisor of s and v.
15
Suppose 0 = 2*a - 4*a + 28. Suppose -3*t + 4 = 2*v - 35, 5*t = -3*v + 58. What is the highest common divisor of v and a?
7
Let x = -56 + 66. Calculate the highest common factor of 25 and x.
5
Suppose -5*i - a = -134, 3*i - 6*i + 3*a + 84 = 0. What is the highest common divisor of i and 54?
27
Let j be (68/(-51))/((-1)/(-3)). Let p be -18*(-2 + j/(-4)). What is the greatest common divisor of p and 198?
18
Let b(d) = -2*d - 12. Let q be b(7). Let y = q + 27. What is the highest common factor of y and 5?
1
Suppose t = 3*t - 10. Suppose -3*j - 15 = p + 8, j = t*p + 19. Let u be ((-11)/(-3))/((-2)/j). What is the highest common factor of 121 and u?
11
Let m(k) = 41*k**2 + 2*k - 1. Let o be m(1). Calculate the greatest common divisor of o and 28.
14
Suppose m - g = -11, 2*m - 7 = -5*g - 1. Let o be 42/2*m/(-21). What is the greatest common factor of 35 and o?
7
Suppose 0*x - 5*x = -25. Let t = x - 4. Let d = -25 + 33. Calculate the highest common factor of d and t.
1
Let j be (-6)/(-2 - (-352)/178). Suppose -5*r = -48 - j. What is the greatest common factor of r and 9?
9
Suppose 2*p = -3*t + 9, 5*p - 9 - 7 = -t. Suppose 2*u = 17 + p. What is the highest common factor of 10 and u?
10
Let r = -18 - -29. Suppose -4*v = -3*v. Suppose v = -n + 2*n - 99. Calculate the greatest common factor of n and r.
11
Suppose 0 = -5*h - 24 + 184. Suppose -19 = -2*y - f, 2*y = y - 3*f + 17. What is the greatest common divisor of h and y?
8
Let w = 17 - 7. Let z(q) = -q**3 - 10*q**2 - 5*q - 10. Suppose 4*r + 6 = -34. Let x be z(r). What is the highest common divisor of w and x?
10
Let u(a) = a + 7. Let r be u(13). Calculate the highest common factor of r and 10.
10
Let j = -223 + 253. Suppose -378 = -5*w + 3*m, 5*w - 235 - 135 = -5*m. What is the greatest common divisor of j and w?
15
Let w = 177 + -65. What is the highest common divisor of w and 32?
16
Let t(x) = -10*x + 8. Let r(j) = j - 1. Let d(h) = 4*r(h) + t(h). Let a be d(-4). What is the highest common divisor of 4 and a?
4
Suppose -12 = -0*c - 3*c. Suppose 0 = c*b - 3*n + 97, 2*b + 3*n = -97 + 26. Let x = 52 + b. Calculate the greatest common divisor of x and 60.
12
Suppose 7*o - 1600 = -3*o. Calculate the highest common divisor of 20 and o.
20
Let m = 0 - -1. Let r = 0 + 3. Let d = r - m. What is the highest common divisor of 16 and d?
2
Let s = -114 + 116. Calculate the greatest common factor of s and 6.
2
Suppose 2*v - 20 = 5*l, l - 30 = -3*v + 34. Calculate the highest common factor of 10 and v.
10
Suppose -2*n + 0*n + 16 = 0. Suppose 3*t - t - 176 = 0. What is the highest common divisor of t and n?
8
Let g = 13 - 9. Let d(w) = 10*w + 8. Let i be d(2). What is the greatest common divisor of g and i?
4
Suppose 2*c - 3*c = 3*m - 29, -5*c = 2*m - 28. What is the highest common divisor of 3 and m?
3
Let m(f) = 56*f + 3. Let r be m(3). Suppose 0 = -3*x - 2*a - 476 - r, 5*a = 2*x + 406. Let n = x + 309. What is the highest common divisor of 12 and n?
12
Let a = -58 - -198. What is the greatest common factor of 20 and a?
20
Suppose -2*j = -3*y - 42 + 173, 0 = -y - 5*j + 55. Calculate the highest common factor of 5 and y.
5
Suppose -3 = -z, 2*z = 3*f - 3*z + 30. Let w = f + 10. What is the highest common divisor of w and 40?
5
Suppose -440 = 17*d - 28*d. What is the greatest common divisor of d and 30?
10
Suppose 0 = -r - 3*k + 2*k + 19, 4*r - 72 = -3*k. Calculate the highest common factor of r and 6.
3
Let s be (129*1)/(15/20). Let z = 276 - s. Suppose -23 = -f + 5*q, q + 3*q + 8 = 0. What is the highest common divisor of f and z?
13
Suppose -s - 4 = -2*s. Calculate the greatest common divisor of s and 36.
4
Let c(p) be the first derivative of -p**4/4 + 7*p**3/3 + 6*p**2 - 12*p - 2. Let n be c(8). Calculate the highest common divisor of n and 4.
4
Let t(q) = -19*q - 4. Let h(a) = 780*a + 165. Let r(j) = -4*h(j) - 165*t(j). Let d be r(6). Let z = -40 + 49. What is the highest common divisor of z and d?
9
Let t = -45 - -83. Calculate the highest common divisor of t and 57.
19
Suppose -3*f = 4*c - 8, -6*c - 2*f = -c - 10. Let k(b) = 4*b + 1. Let i be k(c). What is the greatest common factor of i and 9?
9
Suppose -2*p = -p - 5. Suppose 3*m - 4 = -m. What is the greatest common divisor of m and p?
1
Let m(o) = -2 + 5*o - 4*o - 6*o**2 + 11*o + 5*o**2. Let z be m(11). Calculate the highest common divisor of z and 72.
9
Suppose 124 + 142 = t. Let f = t + -185. Let l(r) = r**2. Let h be l(-3). What is the greatest common divisor of f and h?
9
Let y(a) = 2*a**3 - 5*a - 1. Let o be y(5). Let d = o - 128. What is the greatest common divisor of d and 12?
12
Let k = 1 - 4. Let q(c) = 13*c**2 + 4. Let b be q(k). Let g(r) = 4*r - 5. Let y be g(4). What is the highest common divisor of b and y?
11
Let u(g) be the first derivative of 5*g**2 - g + 2. Let o be u(1). Calculate the highest common divisor of 9 and o.
9
Let b = 84 + 6. What is the greatest common divisor of b and 60?
30
Suppose -3*p + 5*y - 44 = 0, 0 = -2*y - 3 + 11. Let k(x) = -5*x + 10. Let d be k(p). What is the greatest common divisor of 75 and d?
25
Let a be (-32)/(-14) + 2/(-7). Let v = -44 + 114. Suppose -v = -5*i - 2*w - 2*w, 2*w + 10 = 0. What is the highest common divisor of i and a?
2
Suppose -4*k = k - 15, 2*d + 3*k = 129. What is the greatest common factor of 10 and d?
10
Suppose -6 = -2*x - x. Suppose 2*a - 12 = -2*t, -3 = -3*a + x*a. What is the highest common divisor of t and 21?
3
Let r = 14 + -11. Suppose 4*y - 21 = y. Let b = y + 5. Calculate the greatest common divisor of b and r.
3
Let j = 4 - 13. Let s be (j/(-2))/(18/24). What is the highest common factor of s and 1?
1
Let s(j) be the second derivative of j**4/4 + 2*j**3/3 + 5*j**2/2 + 9*j. Let x be s(-2). Calculate the highest common divisor of 81 and x.
9
Let m = -4 - -8. Suppose 4*i = 4*a - 16, -m = -a - 2*i - 0*i. Suppose 0*r = a*r - 100. What is the highest common factor of 10 and r?
5
Let u = 5 - -9. What is the greatest common factor of u and 7?
7
Let k(i) = -i**2 - 3*i. Let s be k(-2). Calculate the highest common factor of s and 1.
1
Let n = -22 + 47. Calculate the highest common divisor of 25 and n.
25
Let i(d) be the second derivative of 23*d**4/12 + d**3/6 + 7*d. Let f be i(-2). What is the highest common factor of f and 60?
30
Let c = -8 + 27. Suppose 6 = 2*b, -18 = -3*o - 6*b + 2*b. Suppose 285 = o*u + 3*u. Calculate the greatest common factor of c and u.
19
Let w be ((-3)/(-2))/(2/12). Suppose 0 = -y + 3*y - 2*p - 162, 4*y - 324 = -3*p. What is the greatest common factor of y and w?
9
Suppose 0*q + q - 2*p + 6 = 0, -4*q - 5*p = -41. Suppose 0 = 2*o + s - 1 - 24, 4*s = -q*o + 60. Calculate the highest common divisor of o and 5.
5
Let p(f) = f**2 + 4*f - 2. Let n be p(4). Suppose -2*b - 5*w = -22, 0*b + 3*b - 14 = 2*w. Calculate the highest common divisor of b and n.
6
Suppose 1 + 44 = 3*w. Let j be (-6)/w - (-654)/10. Let b be 2/(-5) + (-132)/(-5). What is the greatest common divisor of j and b?
13
Let s(x) = 43*x**2 + 4*x + 2. Let h be s(-3). Suppose 127 = 3*k - h. What is the highest common divisor of k and 21?
21
Let m(f) = -f + 6. Let k be m(6). Suppose k*c = c - 14. Let u = -52 + 178. What is the highest common divisor of u and c?
14
Let x = -4 - -6. Suppose 0*l = -3*l + 3*i + 3, -x*i = -l. Suppose -13 + 45 = l*h. What is the highest common divisor of 4 and h?
4
Let n(h) = -11*h + 38. Let f(c